ommon factor of l and 12.
3
Let j = 62 + 298. What is the greatest common factor of 18 and j?
18
Suppose 48*g = -5*g + 48654. What is the highest common divisor of g and 17?
17
Suppose -4*m + 2*m = -4, p = 4*m + 7. Suppose -65 = -4*l - a - 1, 0 = -4*l - 4*a + 76. Calculate the greatest common factor of l and p.
15
Let p(f) = f**2 + f - 4. Let q be p(4). Let b be (-3 + 1)/((-8)/q). Suppose 60 = b*d - 3*d. Calculate the highest common factor of 12 and d.
12
Suppose -415 = 17*j - 20*j + 5*r, 3*j - 4*r - 413 = 0. Calculate the greatest common factor of j and 108.
27
Let i(w) = 2*w + 0*w - 5 - w. Let t be i(5). Suppose -2*l - 28 + 128 = t. Calculate the greatest common factor of 20 and l.
10
Suppose -107*f = -98*f - 234. Calculate the highest common factor of 13 and f.
13
Suppose -2*o - 5*q - 5 = -3*o, -3*o + 25 = -5*q. Let h = -988 + 1408. Suppose 5*j = -j + h. What is the highest common factor of j and o?
10
Let q = 57 - 36. Suppose -43882 = -8*i - 42370. Calculate the highest common divisor of q and i.
21
Suppose 73 + 33 = 2*p + 2*s, -3*s = 5*p - 275. What is the highest common factor of p and 174?
58
Let f be 154/7*(-231)/(-14). Calculate the greatest common factor of 99 and f.
33
Suppose 2*j + 61 + 69 = 0. Let i be (-39)/j*(5 - 0). Suppose -i*u = -3*r + 48, 2*r - 5*u = 5*r - 24. Calculate the greatest common factor of r and 117.
13
Let t be 3/5*(-2 - 3). Let p be 9/(-6)*2/t*9. Calculate the greatest common factor of 63 and p.
9
Let n = 33 + -30. Suppose 2*v + 13 = n*v. Let k = -64 - -103. Calculate the highest common factor of v and k.
13
Let n(y) = -23*y**2 - y - 4. Let v be n(4). Let z = v - -1432. Suppose 7*c - z = 3*c. What is the greatest common factor of 24 and c?
24
Suppose 3*i - 146 - 49 = 0. What is the greatest common divisor of 13 and i?
13
Let o = -2294 + 3196. What is the greatest common divisor of o and 22?
22
Let t(n) = 5*n**2 - 10*n + 18. Let i be t(4). Let j(d) = -d**3 + 2*d**2 + 6*d. Let v be j(-5). Calculate the greatest common factor of v and i.
29
Let w = -12 + 20. Suppose 4*j - x - 55 = 0, 2 - 6 = -4*x. Suppose 6*f - j*f + 64 = 0. Calculate the highest common divisor of w and f.
8
Let s be ((-52)/(-3))/((-52)/(-858)) + 0. Calculate the greatest common divisor of s and 26.
26
Suppose 0 = -g + 79 + 297. What is the highest common divisor of g and 8?
8
Let z = 144 + -96. Suppose -154 = -2*y + z. Suppose -y = -5*g + 94. What is the highest common divisor of g and 13?
13
Suppose -2*k + 12 = 3*u, -6*u + u = 10. Let s(a) = 3*a - 11. Let n be s(k). Calculate the highest common divisor of n and 32.
16
Let g(r) = r + 224. Let y be g(8). What is the greatest common divisor of y and 29?
29
Let z be (126/35)/((-6)/20). Let u be 11/(1 - z/(-16)). Let m be 11*12*2/4. Calculate the highest common factor of u and m.
22
Let k be -2 - (11 + (1 - 0)). Let z = 14 + k. Suppose -4*v + 190 = 3*i - z*i, -4*i - v = -262. Calculate the highest common factor of 6 and i.
6
Let c = -43 - -67. Suppose 0 = -4*z + 2*z - 54. Let r = z + 39. Calculate the highest common factor of r and c.
12
Suppose -7*q - 48 = -321. Calculate the highest common divisor of q and 676.
13
Let u be -9 + 3 + 3 + 11. Let t be u - 12 - 386/(-2). What is the greatest common factor of 21 and t?
21
Let l be 4/5*(-10)/(-4). Suppose 0*v - 12 = -2*v. Let c = v - -4. Calculate the greatest common factor of l and c.
2
Let q = 142 - 78. Let w(r) = r**3 + 4*r**2 + 3*r + 3. Let z be w(-3). Suppose -p + z*p = q. Calculate the highest common factor of p and 8.
8
Suppose 0 = -t + 5*h + 386, -2*t + 435 = -5*h - 322. Suppose 0 = -4*l - 59 + t. Suppose -5*y = -17 - 48. Calculate the greatest common factor of l and y.
13
Let u = -148 - -165. Calculate the highest common factor of u and 51.
17
Let k = 1031 - -23. What is the greatest common factor of 34 and k?
34
Suppose 4*u + 4*n - 496 = -44, 0 = -2*u + 4*n + 250. Let m(q) = 10*q**2 - 4*q. Let b be m(3). What is the highest common factor of b and u?
39
Let z be 179/(79/(-20) - -4). Suppose 0 = 3*p - 4*s - z, 2*p - 4*s = 1712 + 668. Let a be (p/3)/2 + -2. Calculate the highest common factor of a and 22.
22
Suppose -32 = -2*t + 6. Let o be (4 - -153) + -5 - (0 - 0). What is the greatest common divisor of t and o?
19
Suppose -45018 = -5*v - 56*v. What is the greatest common divisor of v and 54?
18
Suppose 0 = 5*n - 44 - 301. Suppose -6 + 75 = 3*o. Calculate the greatest common factor of o and n.
23
Suppose 5*z - 131 = -v, -v + 7*z = 6*z - 107. Calculate the greatest common divisor of 74 and v.
37
Suppose -1304 + 380 = -7*u. Calculate the greatest common factor of u and 12.
12
Let u(o) = -o**3 - 2*o**2 - 4. Let i be u(-3). Suppose b - 5*b - 244 = 0. Let y = b + 116. What is the highest common factor of y and i?
5
Let k(u) = u**2 - 5*u + 3. Let d be k(5). Let q = d - -2. Let w(g) = 3*g + 42. Let t be w(-9). Calculate the highest common factor of q and t.
5
Let v be -3 + 5/(20/588). Let l = v + -49. Calculate the greatest common divisor of l and 19.
19
Suppose -2*u - 4*o + 288 = 0, -3*u + u - 2*o = -284. Calculate the highest common factor of u and 80.
20
Let c = -1362 + 1895. Calculate the highest common factor of c and 39.
13
Suppose -2*q + 1 + 2 = -z, 3*z = 9. Let w be ((-17)/(-3) + q)/((-1)/(-3)). Calculate the highest common factor of w and 39.
13
Let f = 43 + -43. Suppose y + 43 = 3*u - u, f = 5*u - 4*y - 100. Calculate the highest common divisor of 3 and u.
3
Suppose -55 = 23*h - 24*h. Suppose -5*l + h = -0*l. Let t = 79 - 46. Calculate the greatest common factor of t and l.
11
Let m = -35 + 52. Suppose 0*r - 23 = -4*r - i, -i - m = -4*r. Suppose 96 = t + r*t. What is the highest common factor of t and 128?
16
Let a be (-173)/(-9) + 4 + (-190)/45. What is the greatest common divisor of a and 703?
19
Let f = -205 + 209. Calculate the highest common divisor of f and 36.
4
Let z = -436 - -448. Calculate the greatest common factor of z and 384.
12
Suppose -61*l = -49*l - 1008. Calculate the greatest common divisor of 48 and l.
12
Let u(d) = -d**2 + 7*d - 5. Let f be u(6). Suppose 3*l - 3*o - 105 = 0, 3*l = 2*o + 104 + f. What is the highest common divisor of l and 5?
5
Let j(l) = 41*l + 23. Let w be j(7). Suppose 0*n = 5*n - w. What is the greatest common factor of n and 155?
31
Let v be (-2 + 1)/((-630)/(-80) + -8). Let z = -28 + 42. Suppose v + z = 2*d. What is the greatest common divisor of d and 22?
11
Let x(v) = 41*v - 19. Let f be x(1). Let j be (-183)/(0 - 9/6). Let t = j - -54. What is the highest common divisor of t and f?
22
Let n be 33/5 - (-33)/(-55). Let c(v) = v - 3. Let g be c(9). Suppose 0 = -w + g. What is the greatest common factor of n and w?
6
Suppose 0 = -10*v + 12 + 468. Let h = v + -38. What is the highest common factor of 130 and h?
10
Suppose -4*v + 22*k = 18*k - 140, 0 = -5*v + 3*k + 175. What is the greatest common factor of 1085 and v?
35
Let g be (-2457)/6*(-11)/((-33)/(-2)). Calculate the highest common divisor of 117 and g.
39
Let c = 625 + 875. What is the greatest common factor of c and 45?
15
Suppose 0 = -2*g + 39 + 27. Suppose -7 = -2*v - g. Let r = v - -18. What is the highest common factor of 55 and r?
5
Let x(v) = -4*v**3 - 4*v**3 - v**2 - 3*v - 5*v**3 + 4*v**3 - 2. Let b be x(-1). Let y be ((-90)/8)/(b/(-24)). Calculate the greatest common factor of 6 and y.
6
Suppose 0 = -2*x + 82 + 80. What is the highest common divisor of 45 and x?
9
Let v = 46 + 50. Let y(g) = g**2 + 17*g - 36. Let x be y(-20). Calculate the highest common divisor of v and x.
24
Suppose -4*f - 5 = -29. Let z(t) be the third derivative of 19*t**4/24 - t**3/2 - 3*t**2. Let x be z(3). Calculate the highest common factor of x and f.
6
Suppose 0 = -60*g + 53*g + 455. Calculate the highest common factor of 13 and g.
13
Let u = -108 + 112. Suppose 4*n - u*f = -0*f + 628, 5*n - 2*f = 773. Calculate the greatest common factor of n and 17.
17
Let v be 13 + -7 - (-5 + 3). Calculate the greatest common factor of 16 and v.
8
Suppose -4*u + 289 + 36 = 3*a, 4*a = 5*u - 414. Suppose -u = -2*v + 86. Let y be 0 + (-2 + v - -3). Calculate the highest common factor of 34 and y.
17
Suppose 231 = -2258*a + 2265*a. What is the greatest common divisor of a and 66?
33
Let r = -1914 + 2074. Suppose 3*q + 41 = 2*s - 23, 2*s - 64 = q. Calculate the greatest commo